{"id":618,"date":"2024-11-20T10:51:27","date_gmt":"2024-11-20T10:51:27","guid":{"rendered":"https:\/\/bredent-france.fr\/?page_id=618"},"modified":"2026-03-16T10:28:22","modified_gmt":"2026-03-16T10:28:22","slug":"extraction-implantation-immediate-et-pilier-ssa","status":"publish","type":"page","link":"https:\/\/bredent-france.fr\/index.php\/extraction-implantation-immediate-et-pilier-ssa\/","title":{"rendered":"M A S T E R C L A S S &#8211; SUR LA MISE EN CHARGE IMMEDIATE SELON LES PRINCIPES DE LA TECHNIQUE SKY fast &amp; fixed (ALL -ON-X)"},"content":{"rendered":"\n<p>SUR LA MISE EN CHARGE IMM\u00c9DIATE SELON<\/p>\n\n\n\n<p>LES PRINCIPES DE LA TECHNIQUE SKY fast &amp; fi xed (ALL-ON-X)&nbsp;<\/p>\n\n\n\n<p>SUR LA MISE EN CHARGE IMM\u00c9DIATE SELON<\/p>\n\n\n\n<p>LES PRINCIPES DE LA TECHNIQUE SKY fast &amp; fi xed (ALL-ON-X)&nbsp;<\/p>\n\n\n\n<p>SUR LA MISE EN CHARGE IMM\u00c9DIATE SELON<\/p>\n\n\n\n<p>LES PRINCIPES DE LA TECHNIQUE SKY fast &amp; fi xed (ALL-ON-X)&nbsp;<\/p>\n\n\n\n<img decoding=\"async\" src=\"https:\/\/bredent-france.fr\/wp-content\/uploads\/2026\/03\/Screenshot-2026-03-16-at-11.17.10.png\" alt=\"Screenshot 2026-03-16 at 11.17.10\" itemprop=\"image\" height=\"836\" width=\"1626\" title=\"Screenshot 2026-03-16 at 11.17.10\" onerror=\"this.style.display='none'\" loading=\"lazy\">\n\t\t\t\t<img decoding=\"async\" src=\"https:\/\/bredent-france.fr\/wp-content\/uploads\/2026\/03\/Screenshot-2026-03-16-at-11.17.52.png\" alt=\"Screenshot 2026-03-16 at 11.17.52\" itemprop=\"image\" height=\"868\" width=\"1632\" title=\"Screenshot 2026-03-16 at 11.17.52\" onerror=\"this.style.display='none'\" loading=\"lazy\">\n\t\t\t\t<img decoding=\"async\" src=\"https:\/\/bredent-france.fr\/wp-content\/uploads\/2026\/03\/Screenshot-2026-03-16-at-11.18.08.png\" alt=\"Screenshot 2026-03-16 at 11.18.08\" itemprop=\"image\" height=\"868\" width=\"1632\" title=\"Screenshot 2026-03-16 at 11.18.08\" onerror=\"this.style.display='none'\" loading=\"lazy\">\n\t\t\t\t<img decoding=\"async\" src=\"https:\/\/bredent-france.fr\/wp-content\/uploads\/2026\/03\/Screenshot-2026-03-16-at-11.18.26.png\" alt=\"Screenshot 2026-03-16 at 11.18.26\" itemprop=\"image\" height=\"868\" width=\"1632\" title=\"Screenshot 2026-03-16 at 11.18.26\" onerror=\"this.style.display='none'\" loading=\"lazy\">\n","protected":false},"excerpt":{"rendered":"<p>SUR LA MISE EN CHARGE IMM\u00c9DIATE SELON LES PRINCIPES DE LA TECHNIQUE SKY fast &amp; fi xed (ALL-ON-X)&nbsp; SUR LA MISE EN CHARGE IMM\u00c9DIATE SELON LES PRINCIPES DE LA TECHNIQUE SKY fast &amp; fi xed (ALL-ON-X)&nbsp; SUR LA MISE EN CHARGE IMM\u00c9DIATE SELON LES PRINCIPES DE LA TECHNIQUE SKY fast &amp; fi xed (ALL-ON-X)&nbsp;<\/p>\n","protected":false},"author":1,"featured_media":0,"parent":0,"menu_order":0,"comment_status":"closed","ping_status":"closed","template":"","meta":{"footnotes":""},"class_list":["post-618","page","type-page","status-publish","hentry"],"_links":{"self":[{"href":"https:\/\/bredent-france.fr\/index.php\/wp-json\/wp\/v2\/pages\/618","targetHints":{"allow":["GET"]}}],"collection":[{"href":"https:\/\/bredent-france.fr\/index.php\/wp-json\/wp\/v2\/pages"}],"about":[{"href":"https:\/\/bredent-france.fr\/index.php\/wp-json\/wp\/v2\/types\/page"}],"author":[{"embeddable":true,"href":"https:\/\/bredent-france.fr\/index.php\/wp-json\/wp\/v2\/users\/1"}],"replies":[{"embeddable":true,"href":"https:\/\/bredent-france.fr\/index.php\/wp-json\/wp\/v2\/comments?post=618"}],"version-history":[{"count":9,"href":"https:\/\/bredent-france.fr\/index.php\/wp-json\/wp\/v2\/pages\/618\/revisions"}],"predecessor-version":[{"id":916,"href":"https:\/\/bredent-france.fr\/index.php\/wp-json\/wp\/v2\/pages\/618\/revisions\/916"}],"wp:attachment":[{"href":"https:\/\/bredent-france.fr\/index.php\/wp-json\/wp\/v2\/media?parent=618"}],"curies":[{"name":"wp","href":"https:\/\/api.w.org\/{rel}","templated":true}]}}