{"id":929,"date":"2026-04-20T12:16:20","date_gmt":"2026-04-20T12:16:20","guid":{"rendered":"https:\/\/bredent-france.fr\/?page_id=929"},"modified":"2026-04-20T12:22:21","modified_gmt":"2026-04-20T12:22:21","slug":"conferencier-dr-frederic-maccario","status":"publish","type":"page","link":"https:\/\/bredent-france.fr\/index.php\/conferencier-dr-frederic-maccario\/","title":{"rendered":"CONF\u00c9RENCIER DR FR\u00c9D\u00c9RIC MACCARIO"},"content":{"rendered":"\n\n\t\t\t\t<img decoding=\"async\" src=\"https:\/\/bredent-france.fr\/wp-content\/uploads\/2026\/04\/Flyer_Facebook_DrFrederic_Maccario-scaled.jpg\" alt=\"Flyer_Facebook_DrFr\u00e9d\u00e9ric_Maccario\" itemprop=\"image\" height=\"2257\" width=\"2560\" title=\"Flyer_Facebook_DrFr\u00e9d\u00e9ric_Maccario\" onerror=\"this.style.display='none'\" loading=\"lazy\" \/>\n\t\n\n","protected":false},"excerpt":{"rendered":"","protected":false},"author":1,"featured_media":0,"parent":0,"menu_order":0,"comment_status":"closed","ping_status":"closed","template":"","meta":{"footnotes":""},"class_list":["post-929","page","type-page","status-publish","hentry"],"_links":{"self":[{"href":"https:\/\/bredent-france.fr\/index.php\/wp-json\/wp\/v2\/pages\/929","targetHints":{"allow":["GET"]}}],"collection":[{"href":"https:\/\/bredent-france.fr\/index.php\/wp-json\/wp\/v2\/pages"}],"about":[{"href":"https:\/\/bredent-france.fr\/index.php\/wp-json\/wp\/v2\/types\/page"}],"author":[{"embeddable":true,"href":"https:\/\/bredent-france.fr\/index.php\/wp-json\/wp\/v2\/users\/1"}],"replies":[{"embeddable":true,"href":"https:\/\/bredent-france.fr\/index.php\/wp-json\/wp\/v2\/comments?post=929"}],"version-history":[{"count":4,"href":"https:\/\/bredent-france.fr\/index.php\/wp-json\/wp\/v2\/pages\/929\/revisions"}],"predecessor-version":[{"id":942,"href":"https:\/\/bredent-france.fr\/index.php\/wp-json\/wp\/v2\/pages\/929\/revisions\/942"}],"wp:attachment":[{"href":"https:\/\/bredent-france.fr\/index.php\/wp-json\/wp\/v2\/media?parent=929"}],"curies":[{"name":"wp","href":"https:\/\/api.w.org\/{rel}","templated":true}]}}